 k = 4 + 6. Let i = k - 11. Let f(h) = h**3 + 2*h**2. Calculate f(i).
1
Let i(p) = -4*p - 1. Suppose 0*w = -5*w + 15. Suppose -3*f + 2 - w = -2*u, 3*u - 4*f - 2 = 0. Give i(u).
-9
Let u(a) = -a**3 + 15*a**2 + 16*a - 2. Suppose 47*c - 48*c + 16 = 0. Let b be u(c). Let z(y) = -2*y**2 - 4*y - 2. Give z(b).
-2
Let g(v) = v**3 - 9*v**2 - 22*v - 3. Suppose 276*b - 268*b = 88. Give g(b).
-3
Suppose 4*l = -4*q + 76, -q + 34 = -l + 3*l. Let w = 14 - l. Let m(o) be the first derivative of -7*o**4/4 - o**2/2 - o + 1. Calculate m(w).
7
Let h(q) = -5 - 4*q - 5 + 2*q. Let u = -383 - -375. Give h(u).
6
Let q(f) = -f**2 - 2*f + 2. Let z(i) = 4*i**2 + 5*i - 5. Let o(h) = -5*q(h) - 2*z(h). Determine o(2).
-12
Let v(o) = -o**3 - 4*o**2 - 1. Suppose 3*x + 8 = 7*x. Let i = 1 - 1. Suppose -5*y - 10 = i, 2*a - 3*y + x = -2*a. Determine v(a).
-9
Let g(w) = -7*w**3 + 3*w**2 + 5*w - 1. Let p(t) be the first derivative of t**4/4 - t**3/3 - t**2/2 - 37. Let l(i) = -g(i) - 6*p(i). What is l(-2)?
3
Let x be (-12)/(-60) + 24/5. Suppose z = -4*t + 4 - 0, x*t + 16 = 4*z. Let k(o) = -o + 18. What is k(t)?
18
Let j(l) = -2*l + 12. Let b be j(5). Let s(v) = -v**3 - 4*v**2 + v + 4. Let z(u) = -u**3 - 4*u**2 + u + 3. Let r(m) = b*s(m) - 3*z(m). Calculate r(-4).
3
Suppose -4*s + 4 = 2*k, k + 2*s - 2 = -3*s. Let a(x) = 4 - x + x - k + x. Suppose 10*i - 12*i = -4. What is a(i)?
4
Let n(d) = d**2 + d. Let p(w) = -w**3 + 13*w**2 + 5*w + 3. Let i(l) = 6*n(l) - p(l). Suppose -18*u + 7*u + 77 = 0. Calculate i(u).
4
Let k(n) = -n**3 + 13*n**2 + 14*n + 3. Let w be k(14). Suppose -w*m + 3*x - 33 = 0, 7*m = 3*m - 4*x - 28. Let r(u) = u**3 + 8*u**2 - 9*u - 3. Give r(m).
-3
Let t = -432 + 438. Let v(g) = -g**3 + 5*g**2 + 4*g + 1. Give v(t).
-11
Suppose 3*q = 2*z + 35 - 105, -5*z + 175 = -4*q. Suppose 0 = 10*i + z + 25. Let r(m) = -m**3 - 5*m**2 + 5*m - 5. Determine r(i).
1
Let r(p) = 3*p + 11. Let x(m) = -2*m - 11. Let k(b) = 5*r(b) + 4*x(b). Let f(v) = -2*v - 1. Let d(c) = -3*f(c) - k(c). Determine d(-4).
-4
Let k be (-12)/4 - -4 - 1. Suppose -3*l + 6 + 0 = k. Let u be (2/2)/(-3 + l). Let d(v) = -7*v**3 - 2*v**2 - v. What is d(u)?
6
Let r be (249/4)/(18/48). Let p(w) = 0*w - r*w**2 + 0*w + 168*w**2. What is p(2)?
8
Let g(j) be the third derivative of 5*j**4/12 + 11*j**3/6 - 12*j**2. Let v(u) = -7*u - 7. Let d(a) = 5*g(a) + 7*v(a). Calculate d(-5).
1
Let w(p) be the first derivative of 0*p**2 + 1/24*p**4 - 4/3*p**3 + 6 + 0*p + 1/24*p**5. Let i(r) be the third derivative of w(r). Calculate i(1).
6
Let a(k) = -k**2 + 5*k + 3. Let s(w) be the second derivative of w**2/2 - 3*w. Let l(f) = -a(f) - 3*s(f). Let r = 28 + -23. What is l(r)?
-6
Let t be (-6)/15 - 26/10. Let d(p) = -p**3 + p**2 - p + 1. Let l(h) = 5*h**2 - 2*h - 2. Let f(i) = d(i) - l(i). Give f(t).
-9
Let d(z) = 4*z**2 - z - 8. Let f be d(-2). Suppose 6*t = -f*t + 80. Let i(n) = -n**2 + 4*n + 6. Give i(t).
1
Suppose 5*y + 15 = -0. Let z(b) = 5*b - 3. Let s(a) = 6*a - 3. Let k(v) = y*z(v) + 2*s(v). Let w be (-1)/4 - (-27)/12. Give k(w).
-3
Let w(a) = a - 1. Let d be ((-4)/6)/((-4)/42). Let n = -2 + d. Suppose y + 28 = -n*u - 7, -2*u = 5*y + 37. Give w(u).
-7
Let c(z) = -z + 8. Let q be c(3). Let y(r) = -5 - r + 2 + 3*r - 4. Determine y(q).
3
Let a be ((-2)/(-4))/(3/(-6)). Let m(z) = -10*z**3 - z. Let r(j) = j**3 + j**2. Let v(n) = a*m(n) - r(n). What is v(1)?
9
Let s be (-40)/24*(0 + 3). Let t(z) = -z**2 + 8*z**3 + z**2 + 4*z**2 - 7*z - 6 - 7*z**3. Give t(s).
4
Let x = 1 - -1. Suppose k = -6 + x. Let m(v) = -6 - v - 4*v**2 + 6 - 3*v - 1 - v**3. What is m(k)?
15
Let g(v) = 2*v**2 + 5*v + 3. Let o be 26/65 + (-94)/10. Let u = 0 - o. Suppose -3*a + 0 - u = 0. Determine g(a).
6
Let m(f) = -f + 14. Let w = 61 - 57. Suppose -5*g - 20 = 0, -2*q - w*g - 3 = -5. Calculate m(q).
5
Let v(r) = 57*r**3 + 1. Suppose 2*j - 786 = -788. Give v(j).
-56
Let d(t) = -t**3 + 6*t**2 + 6*t + 2. Let v = -189 + 195. Give d(v).
38
Let z(f) = 2*f**3 + 13*f**2 - 18*f + 1. Let k(m) = -3*m**3 - 27*m**2 + 35*m. Let w(o) = -3*k(o) - 5*z(o). Give w(15).
-5
Let b(g) = -g**2 + 4*g - 2. Let p(j) = -282 + 0*j**2 - j**2 + 0*j**2 + 3*j + 281. Let l(d) = 4*b(d) - 3*p(d). What is l(4)?
7
Let x(n) = n. Let z be x(-2). Let t(p) = p**3 - 10*p**2 - 11*p + 6. Let w be t(11). Let d(j) = 0*j**2 + 3*j**2 - w*j**2 + 2*j + j**2. Calculate d(z).
-12
Let c(n) = n**3 - 8*n**2 + 6*n + 6. Suppose -10 = 5*v - 45. What is c(v)?
-1
Let t(y) be the second derivative of -y**3/6 - 29*y**2/2 + 2*y + 97. Determine t(0).
-29
Suppose 0 = 6*o + 6*o + 36. Let b be 6/10 + 21/15. Let w(s) = -s**2 + 9*s + 10. Let z(m) = m + 1. Let r(k) = b*w(k) - 22*z(k). Give r(o).
-8
Let g(u) = -2*u + 24. Let c = 890 + -878. Calculate g(c).
0
Suppose l + 15 = 4*l. Let b(m) = 6*m**2 + 7*m - 13. Let a(d) = 5*d**2 + 7*d - 12. Let k(y) = l*a(y) - 4*b(y). Calculate k(-7).
-8
Let v(d) = -2*d**2 + 1 + 7 - 5 + 0*d**2 - 12*d + d. What is v(-8)?
-37
Suppose -i + 112 = 4*p + 2*i, -116 = -4*p - 4*i. Suppose 88 = 9*c + p. Let k(a) = -a**2 + 7*a - 3. Determine k(c).
-3
Let h(o) be the third derivative of -3*o**4/8 - o**3/2 + 20*o**2 + 1. Calculate h(-1).
6
Let o(m) = 9*m**2 + 250 - 7*m**2 - 2*m**3 - 248 - 4*m. Calculate o(3).
-46
Let j(w) = -13*w**2 - 2*w - 1. Let v(x) = x**3 + 2*x**2 + 3*x + 5. Let r be v(-2). Give j(r).
-12
Let o(r) = -6*r + 225. Let g be o(38). Let p(a) = -a**2 - 4*a + 1. Calculate p(g).
4
Suppose 8*y - 9 + 25 = 0. Let n(t) = t**2 + t - 2. What is n(y)?
0
Let h(k) be the second derivative of 2*k**3/3 - 5*k**2/2 + 23*k. Let o(z) = -2*z + 2. Let f(s) = -3*h(s) - 7*o(s). Determine f(6).
13
Let g(u) be the first derivative of -u**6/120 + u**5/60 - u**4/24 + u**3/2 + 17*u**2/2 + 11. Let k(f) be the second derivative of g(f). Give k(0).
3
Let r(y) = 6*y + 3 + 0 - 3*y - y**3 - y**2. Let b be r(-2). Let m(d) = -6*d**2 - b + d**2 + 6*d**2 + 0. Determine m(-1).
0
Let a(g) = g**2 + 11*g + 3. Let w(h) = h**2 + 5*h + 1. Let n(c) = 2*a(c) - 5*w(c). Let r be (-2 + 9/6)*6. What is n(r)?
-17
Let h(u) be the second derivative of -u**5/20 + 5*u**4/6 - 2*u**3 + 29*u**2/2 - 463*u. Give h(9).
2
Suppose 5*o + 4*a = -16, a + 4 = -6*o + 2*o. Let w(b) be the third derivative of 3*b**2 - 1/120*b**6 + 5/24*b**4 + o + 1/15*b**5 + b**3 + 0*b. Calculate w(5).
6
Let t(f) be the third derivative of f**6/360 + 5*f**4/3 + 16*f**2. Let n(g) be the second derivative of t(g). Calculate n(-5).
-10
Let d(s) = 3 - 939*s + 1876*s - 944*s. Give d(2).
-11
Let b(q) = -3*q - 8. Suppose 4*a = -h - 11, -a + 4*h = -6*a - 11. Give b(a).
1
Suppose 2 = 3*w - 7. Suppose 0 = m - w. Let o(r) = -r**2 + 0 + 7*r - 3*r - r + 1. What is o(m)?
1
Let c(y) = -y**2 + 4*y - 5. Suppose 4*r + 5 = 33. Suppose -30 = -2*s - 5*x, -x - 2*x - 13 = -5*s. Suppose -k - 2 = -r, 9 = -4*j + s*k. Calculate c(j).
-5
Let y(i) = -7*i**3 - 20*i**2 - 8*i + 1. Let z(f) = 15*f**3 + 41*f**2 + 15*f - 1. Let v(l) = 13*y(l) + 6*z(l). Calculate v(-13).
20
Let t(p) = 3*p. Let d be t(-2). Let z(q) = 3*q**2 + 20*q + 9. Give z(d).
-3
Suppose -2*u - 5*z = 20, 3*u - 3*z + 11 = 23. Let o(h) = -h + 30. Give o(u).
30
Let n(f) = 3*f**2 + f**3 + f**2 + 553 - 559 - 6*f. Give n(-5).
-1
Suppose -4*y - 40 = y. Let i(m) = 6*m**2 - 56*m - 57. Let c(s) = s**2 - 11*s - 11. Let u(x) = 11*c(x) - 2*i(x). What is u(y)?
1
Let t(p) = p**3 - p**2 + p + 1. Let o(l) = 2*l**2 - 15*l - 10. Let q be o(8). Let y be 1 + (q - -2) - 2. Give t(y).
-2
Let p(i) be the first derivative of i**3/3 - 5*i**2 + i - 26. Let u be p(9). Let s(d) = d**3 + 9*d**2 + 6*d - 8. Calculate s(u).
8
Let u(h) = h**3 + 18*h**2 + 16*h - 22. Suppose 8*y - 7*y = -17. Calculate u(y).
-5
Let u be (-2)/((-5 - -1)/2). Let p be ((-14)/(-6) - -1)*(-222)/(-148). Let d(r) = 0*r - 2*r - u + 0 + p. What is d(3)?
-2
Let y be 197/120 - 88/55. Let x(m) be the third derivative of 0 + 0*m**3 - y*m**4 + 0*m**5 + 11/120*m**6 - 8*m**2 + 0*m. Calculate x(1).
10
Let c(f) = -f**3 + 7*f**2 - 3*f - 16. Let v be (-1*3/4)/(89/(-712)). What is c(v)?
2
Suppose 0 = 6*i - 7*i - 5. Let o(f) = -f - 3. Let l be o(i). Let h(a) = 4*a - 12*a + 2*a - a**l. What is h(-6)?
0
Let q(j) = -j**2 - 6*j + 1. Suppose 11*f = 6*f + 5. Let l be ((-3)/(-2))/(f/6). Let t = -15 + l. What is q(t)?
1
Suppose -2*y + 0 = -8. Let o = 5 + y. Let d(n) = -o + 8 + 6 - n - 1. Give d(3).
1
Let i(h) = -h**2 + 4*h - 5. Let p(v